uppose -35*g = -31*g - 96. Let y = g + f. Let w(p) = p**3 + p - 18. Calculate w(y).
-18
Let x(k) = k**3 - 5*k**2 + 4*k. Let v be 8 - -2*6/(-4). Suppose -3*r - v*h + 158 = -139, 410 = 4*r + 2*h. Suppose -y + 107 = r. What is x(y)?
-6
Let s(h) = -10*h**2 - 147*h + 4. Let b(o) = -7*o**2 - 103*o + 3. Let j(l) = -7*b(l) + 5*s(l). Calculate j(-6).
47
Let k be (-198)/(-90) - (-1)/(-5). Let n(g) = -18*g**3 - 26*g**3 + 39*g**3 + 0*g - 1 + 2*g. Give n(k).
-37
Let o be 8 + 5*(-18)/(-15). Let u(n) = -n - 3*n + 13 + o + 3*n - 17. What is u(10)?
0
Let o be ((-160)/(-8))/(-6 - (-30)/6). Let i(s) = 6*s + 126. Determine i(o).
6
Let d(a) = -a - 7. Let y(c) = 6*c + 7. Suppose 0 = -6*u - 37 + 7. Let q(g) = -5*g - 6. Let m(v) = u*q(v) - 4*y(v). Let k(z) = d(z) + 4*m(z). What is k(5)?
16
Let j be 11 + -4 + (-12)/3. Suppose t - 26 = j*t. Let q(g) = 11*g - 7. Let v(k) = 5*k - 3. Let x(w) = t*v(w) + 6*q(w). Determine x(-5).
-8
Let l(q) = 5*q**2 + 49*q - 14. Let t(x) = -2*x**2 - 3*x + 10. Let c be t(-4). Give l(c).
-4
Let c(a) = 3*a**2 + 4*a - 2. Let b(y) = y**2 - 1. Let u(d) = 4*b(d) - c(d). Let x be 224/(-24)*(-63)/147. What is u(x)?
-2
Let w(z) = 2*z**2 + 3*z + 1. Suppose -32 = 245*l - 229*l. Determine w(l).
3
Suppose 0 = 2*m - m - 3*o - 4, 30 = -5*m + 5*o. Let i(a) = -6*a - 6. Let d(n) = 8*n + 1. Let u(s) = 2*d(s) + 3*i(s). Give u(m).
6
Let a(f) be the first derivative of -11*f**2/2 - 52. Let j = 524 - 523. Give a(j).
-11
Suppose -32*i - 12 = -28*i, -4*z + 164 = -4*i. Let p be 494/z + -1 + -5. Let x(c) be the third derivative of c**4/24 - 5*c**3/6 - c**2. Determine x(p).
2
Let j(d) be the third derivative of 3*d**5/20 - d**4/8 - 22*d**2 + 24*d + 2. Let m be ((-8)/(-6))/(6/9). What is j(m)?
30
Let d be (-14)/7*(-6)/3. Suppose d*j - g + 10 = 0, j + 2*g + 2 = -2*j. Let i be -5 + (j - -2)/(-2). Let f(m) = m**3 + 5*m**2 - 5. Determine f(i).
-5
Let v(q) = q**2 + 3*q - 1. Suppose 0 = 4*t - 0*t. Let x be (t - (-6 + 3))/((-21)/(-14)). Let d = -4 + x. Determine v(d).
-3
Let o(f) = -32*f - 118. Let x(a) = -125*a - 480. Let z(b) = -13*o(b) + 3*x(b). Determine z(-2).
12
Let d(f) be the first derivative of 35*f**2/2 + 138*f - 1645. Give d(-4).
-2
Let i(v) = 4*v + 1. Let z be i(1). Let u(p) be the third derivative of 1/6*p**4 + 0*p + 5/6*p**3 + 0 - 22*p**2 + 1/60*p**z. Calculate u(-4).
5
Let g(i) = -10997 - 2*i + 5495 + 5497 + i**2. What is g(0)?
-5
Let p(f) = 23402*f + 23426*f - 46829*f. Let d be -20*1*3/(-6). Give p(d).
-10
Let g = -116 + 124. Suppose 40 = 12*j + g*j. Let n(z) = -9*z + 7. Let h(y) = -8*y + 6. Let f(v) = -5*h(v) + 4*n(v). What is f(j)?
6
Suppose 522 = 30*k + 28*k. Let h(i) = i**3 - 10*i**2 + 9*i + 9. What is h(k)?
9
Let b(u) = 133*u**2 + 20*u + 32. Let m(o) = -421*o**2 - 61*o - 96. Let d(f) = -19*b(f) - 6*m(f). Determine d(-17).
-83
Let b(f) be the third derivative of f**6/60 + f**4/12 - 2*f**3/3 - 36*f**2 + 3. Give b(2).
16
Let q(t) be the second derivative of -5/3*t**3 + 19*t - 1/2*t**2 + 0. Calculate q(-2).
19
Let o(u) = -4*u + u - u**3 - 2 - 3*u**2 + 0. Let z(j) = 3939*j - 31514. Let t be z(8). Determine o(t).
0
Suppose -2*i + 76 = -9*f - 14, i + 12 = -5*f. Let a(k) = -k**2 + 23*k - 91. Give a(i).
-1
Let j = -9 - -5. Let i(w) = 52*w**2 - 124*w - 20. Let c(p) = -11*p**2 + 26*p + 4. Let b(u) = 19*c(u) + 4*i(u). Give b(j).
-12
Suppose 360*s + 760 + 2840 = 0. Let l(k) = k**2 + 11*k + 32. Calculate l(s).
22
Let j(b) = -b - 7. Let x = -404 + 432. Suppose -11*z = x + 27. What is j(z)?
-2
Let t(b) = 5*b**3 + b**2 + 9*b + 14. Let x(y) = 6*y**3 - y**2 + 11*y + 21. Let r(z) = 4*t(z) - 3*x(z). Determine r(-4).
-35
Let b(d) = -1. Let o(f) = 2*f**2 + 41*f + 19. Let l be o(-20). Let c(k) = -k**2 + 9*k - 3. Let v(i) = l*c(i) - 3*b(i). Give v(7).
-8
Let j(b) be the second derivative of -18*b + 1/6*b**3 + 0 + 0*b**2. Calculate j(0).
0
Let n(o) = -32*o**3 + 42*o**2 + 15*o + 22. Let p(l) = 23*l**3 - 28*l**2 - 10*l - 14. Let i(u) = 5*n(u) + 7*p(u). Calculate i(-14).
-58
Suppose -5*f + 50 = -42*y + 37*y, -3*f = -4*y - 36. Let q(z) be the third derivative of 15*z**2 - 1/60*z**5 + 0 - 1/24*z**f + 0*z - 5/6*z**3. Calculate q(0).
-5
Let x(j) = j + 2. Let u(g) = -3*g + 1. Let r(q) = u(q) + 4*x(q). Let l be r(-13). Let y(d) = -d**2 - 2*d + 3. Calculate y(l).
-5
Let u(b) = 5 + 4826*b + 0*b**2 + 5 + b**2 - 4835*b. Calculate u(7).
-4
Let v(w) = -4*w**3 - 6*w**2 - 5*w - 15. Let d(q) = 6*q**3 + 12*q**2 + 10*q + 27. Let o(n) = 3*d(n) + 5*v(n). Calculate o(5).
-69
Let h(q) be the third derivative of -q**5/6 + q**4/12 + q**3/6 - 2*q**2 - 7. Let p = 8 + -2. Suppose -7 = -d + p*d - u, -4*u + 12 = -4*d. Give h(d).
-11
Let a(w) = -2*w**3 - 3*w**2 + 1. Let g be 1*25/10*2. Suppose 8 = -g*y - 2. What is a(y)?
5
Let z(m) = -5*m + 21*m**3 - 6*m**2 - 20*m**3 + 2*m**2 - 1 + 6*m**2. Give z(-3).
5
Let h be (1/2)/(1/(-12)). Let c(r) = -5*r**2 - 109*r - 11 - r**3 + 9 - 121*r + 236*r. Give c(h).
-2
Let h = -3406 + 3406. Let f(s) be the third derivative of -9*s**2 + 0 + h*s - 11/60*s**5 + 0*s**4 + 0*s**3. What is f(-1)?
-11
Let j(d) = -3*d**2 + 2*d - 7. Suppose 6*n - 12 + 65 = 35. Calculate j(n).
-40
Let l be (-20)/5 + 3 + -1 + -78 + 74. Let b(z) = 24*z + 129. Determine b(l).
-15
Let c(r) be the second derivative of 2*r**3/3 - 23*r**2 - 495*r. Calculate c(25).
54
Let a(h) = 3*h + 1. Let m(o) = -o**2 - 29*o + 12. Suppose 11 = -5*n - f + 21, 4*f = 5*n + 15. Let u(y) = n*m(y) + 5*a(y). Calculate u(-14).
17
Let m be (5/(-35))/(99/2079). Let n(i) = -2*i**3 - 3*i**2 + 9*i + 5. Determine n(m).
5
Suppose -27 = -2*r + 5*v, 5*r + 5*v - 15 = -35. Let o(h) = -9141*h - 9*h**2 + 5*h**2 - 1 - 12*h**2 + 9142*h. Give o(r).
-16
Let c(k) = 3*k + 11*k**2 - 27*k**2 + 21*k**2 - 2. Let a be 8 + (-5 - 2) + 0. Calculate c(a).
6
Suppose 0 = -8630*t + 8639*t. Let b = 3 + -6. Let m = t + b. Let f(y) = y**3 + 4*y**2 + 3*y. Give f(m).
0
Suppose 75*x - 33*x - 56 = 28. Let j(p) be the third derivative of -10*p**x + 1/6*p**3 - 1/8*p**4 + 0*p + 0. Give j(4).
-11
Suppose -52*s + 49*s + 36 = 0. Let a(r) = 13*r + 27*r**2 - 28*r**2 - s*r + r**3. What is a(0)?
0
Let k(v) be the first derivative of v**3/3 - 2*v**2 - 3*v + 3. Let d(n) = 17*n - 55. Let q be d(3). Let t be -5 - (-10)/(-4)*q. Give k(t).
2
Let g be (-2)/(-8) + 7/4. Suppose 7 = -3*o - g. Let x(s) = 1246021 - 1246024 + s**3 + 4*s**2 + 3*s + 0*s**2. Give x(o).
-3
Let g(k) = k - 7. Suppose -5*c + 5*a - 48 = -13, 2*a = 8. Let z be (c + -4 - -3) + (-90)/(-5). Give g(z).
7
Let g(r) = -23*r - 98. Let m(t) = 46*t + 228. Let y(z) = -7*g(z) - 3*m(z). Calculate y(-1).
-21
Let y(p) = 10*p + 2. Let d(k) = 6*k + 2. Let r(a) = 2*d(a) - y(a). Give r(-5).
-8
Let c(h) = -h**3 - 3*h**2 + 16*h - 7. Let d = 6531 + -6537. Calculate c(d).
5
Suppose -4*s - 2 = -30. Let n be -2*3/6 + 2. Let u(t) = -t**3 - 8*t**2 + 11*t + 4. Let y(b) = -b**3 + b + 1. Let l(c) = n*u(c) - 2*y(c). Give l(s).
16
Let c(q) = 45*q - 56*q + 4*q + 42 - q. Calculate c(6).
-6
Let t(w) = 2 - 120*w**3 - 2*w**2 + 119*w**3 + 4*w + 2 + 1 - 3*w**2. Suppose 0 = -a - 3*a - 24. What is t(a)?
17
Let u(h) = h**2 + 6*h + 5. Let o be u(-5). Suppose -v + 7 + 2 = o. Let m be (-3)/v + (-13)/(-3) + -1. Let z(t) = -3*t + 1. Calculate z(m).
-8
Let n be 8 + -10 - (0 + -3). Let g(w) be the first derivative of w**3/6 + w**2/2 - 15*w - 3. Let a(f) be the first derivative of g(f). Give a(n).
2
Let k = -29 + 23. Let n be (k/4 - -2) + 132/(-24). Let x(q) be the third derivative of q**4/8 + 2*q**3/3 - 3*q**2. What is x(n)?
-11
Let w(b) = b**2 + 9*b - 3. Suppose -5*f + 2*x + 128 = -0*x, 0 = -5*f - 5*x + 135. Let t = f + -79. Let u = -61 - t. Give w(u).
-11
Let b(y) = -y + 4. Suppose 3 + 19 = n - 3*w, -8 = -2*w. Suppose 70 = n*c - 20*c. Give b(c).
-1
Let m(k) = -5*k - 2. Let g = 199 - 330. Let u = g + 130. Calculate m(u).
3
Let p(c) = c - 15. Let v(i) = 1. Let z(o) = p(o) + 6*v(o). Let w(k) = 10. Let g(m) = 2*w(m) + 3*z(m). Give g(5).
8
Let p(g) = g**3 + 15*g**2 + 34*g - 21. Let o be (-2 + -1)*((-13)/(-3) + (-3)/9). Calculate p(o).
3
Suppose 0 = -2*o - 2*w + 10, -2 + 21 = -o + 5*w. Let u(n) = -n**3 - 16*n**2 + 16*n - 6. Let t be u(-17). Let l(h) = -3*h + 4*h + 1 - t*h - 2*h. Give l(o).
-11
Let c(k) = k**3 + 14*k**2 + 41*k - 44. Let n be c(-7). Let h(q) = 53*q - 638. What is h(n)?
-2
Let c(x) be the second derivative of x**4/4 + 7*x**3/3 - 7*x**2/2 + 1398*x - 1. Giv